16?
False
Is 460638780 a multiple of 7070?
True
Is 980442919 a multiple of 53?
True
Does 2 divide 21582534?
True
Is 411 a factor of 2044579512?
False
Is 14 a factor of 425511268?
True
Is 2344590 a multiple of 2?
True
Is 115715693 a multiple of 139?
True
Is 4338 a factor of 388073142?
True
Is 189 a factor of 102772719?
True
Is 1101778811 a multiple of 8555?
False
Does 54 divide 62985060?
True
Is 519 a factor of 10276719?
True
Is 10 a factor of 265727860?
True
Is 36174642 a multiple of 294?
True
Does 5 divide 66917857?
False
Is 9 a factor of 22648842?
True
Is 121980 a multiple of 38?
True
Does 7 divide 10496928?
False
Does 829 divide 49665390?
True
Is 22562448 a multiple of 12?
True
Is 368 a factor of 7985375152?
True
Is 900 a factor of 137699100?
True
Is 49 a factor of 5712886872?
True
Is 111090912 a multiple of 8?
True
Is 932227296 a multiple of 182?
True
Is 467 a factor of 199071441?
False
Is 1812458 a multiple of 2935?
False
Is 88532700 a multiple of 50?
True
Does 71 divide 36906936?
True
Is 777 a factor of 378257289?
False
Is 1711 a factor of 126064769?
True
Is 90 a factor of 2334695?
False
Is 6 a factor of 20100335?
False
Is 3931 a factor of 1014756202?
True
Is 9 a factor of 812791291?
False
Is 126622129 a multiple of 1118?
False
Is 85091467 a multiple of 64?
False
Is 3501916 a multiple of 1490?
False
Is 1207779504 a multiple of 61?
True
Is 143219748 a multiple of 1813?
True
Is 34524288 a multiple of 69?
True
Is 234 a factor of 8514162?
False
Is 13 a factor of 59152900?
False
Is 16 a factor of 303103014?
False
Does 1008 divide 260833537?
False
Is 1539 a factor of 133576486?
False
Is 6490 a factor of 2180970990?
True
Is 469116216 a multiple of 20?
False
Is 46 a factor of 431178746?
True
Does 258 divide 195570179?
False
Is 16723921 a multiple of 19?
False
Does 481 divide 748383571?
True
Does 2225 divide 1071034900?
True
Does 113 divide 6477674?
False
Is 43 a factor of 77223700?
True
Does 43 divide 112140560?
True
Is 14436960 a multiple of 240?
True
Is 651 a factor of 1073446269?
True
Does 7277 divide 4661604811?
False
Does 12 divide 21930024?
True
Is 616456 a multiple of 39?
False
Is 2163942 a multiple of 6?
True
Is 420 a factor of 362909400?
True
Is 51780334 a multiple of 34?
True
Is 105 a factor of 419655915?
True
Is 107 a factor of 729912591?
True
Is 1183 a factor of 304868319?
False
Does 515 divide 146606609?
False
Does 1502 divide 450041674?
False
Is 190799004 a multiple of 87?
True
Is 855622717 a multiple of 2262?
False
Is 41999940 a multiple of 3966?
True
Does 2700 divide 1677442500?
True
Does 444 divide 282695688?
True
Does 3253 divide 324278558?
True
Is 525 a factor of 193435912?
False
Does 1281 divide 27275052?
True
Does 1366 divide 23574428?
True
Is 1111 a factor of 131280267?
False
Does 294 divide 640245564?
True
Is 36 a factor of 331818552?
True
Is 38 a factor of 63613938?
True
Does 113 divide 123455231?
False
Is 57 a factor of 25034743?
False
Is 113401629 a multiple of 4072?
False
Does 249 divide 807336186?
True
Does 8 divide 12841848?
True
Does 4612 divide 1681884878?
False
Is 79114787 a multiple of 76?
False
Does 28 divide 195419560?
True
Is 327116095 a multiple of 3?
False
Does 8 divide 2045514652?
False
Is 31 a factor of 2415865378?
False
Is 27 a factor of 24981395?
False
Does 440 divide 969442175?
False
Is 39474228 a multiple of 432?
False
Is 510 a factor of 11243260?
False
Is 7 a factor of 151045923?
True
Is 31813900 a multiple of 331?
False
Does 613 divide 717214345?
False
Does 20 divide 147198740?
True
Is 227 a factor of 11533870?
True
Does 10 divide 117804565?
False
Is 5505924 a multiple of 138?
True
Does 40 divide 58616085?
False
Does 113 divide 417227299?
False
Does 26 divide 438341104?
False
Is 3 a factor of 39893845?
False
Is 176 a factor of 22560414?
False
Does 24 divide 63209352?
True
Is 430538907 a multiple of 3412?
False
Does 1555 divide 136592755?
True
Is 24 a factor of 3443525?
False
Is 27 a factor of 11094348?
False
Is 1085095824 a multiple of 12?
True
Is 33 a factor of 280548185?
False
Is 255 a factor of 1812795?
True
Does 535 divide 68462511?
False
Does 41 divide 103463525?
False
Is 3 a factor of 342052400?
False
Is 473 a factor of 1605926870?
False
Does 62 divide 128402062?
True
Is 1777 a factor of 486587025?
True
Does 1119 divide 79146870?
True
Is 744366561 a multiple of 829?
True
Does 5822 divide 371592154?
False
Is 39689815 a multiple of 657?
False
Is 25 a factor of 71782128?
False
Is 2220010292 a multiple of 49?
False
Is 48222106 a multiple of 402?
False
Does 202 divide 3981451066?
False
Is 22 a factor of 36311182?
False
Is 117 a factor of 31246722?
True
Does 631 divide 580284412?
False
Is 21952728 a multiple of 378?
True
Is 59 a factor of 806194?
False
Is 2041 a factor of 52571641?
False
Is 103 a factor of 518495802?
False
Is 48090626 a multiple of 499?
True
Does 4696 divide 1024239864?
True
Is 379349998 a multiple of 1202?
True
Is 1303664476 a multiple of 18?
False
Does 659 divide 10437242?
True
Does 30 divide 2290298940?
True
Is 52907840 a multiple of 16?
True
Is 75 a factor of 1072350?
True
Is 151 a factor of 58293367?
False
Is 210875940 a multiple of 99?
True
Is 22 a factor of 266478850?
True
Is 17 a factor of 207394798?
True
Is 118194956 a multiple of 401?
False
Does 34 divide 31215836?
False
Is 347 a factor of 748793430?
False
Is 14209008 a multiple of 264?
True
Is 1585923300 a multiple of 150?
True
Is 31 a factor of 3311947?
True
Is 15641852 a multiple of 844?
True
Is 1618 a factor of 65696831?
False
Does 8 divide 269995246?
False
Is 7831659 a multiple of 4?
False
Is 223813352 a multiple of 1946?
True
Does 35 divide 86829960?
True
Is 2966352 a multiple of 24?
True
Does 33 divide 7640454?
False
Does 8174 divide 845204147?
False
Is 37 a factor of 105716874?
False
Does 791 divide 51619869?
True
Does 20 divide 28310180?
True
Is 226110780 a multiple of 420?
True
Is 158127262 a multiple of 15?
False
Is 1895 a factor of 1337052862?
False
Is 28644720 a multiple of 33?
False
Is 300310296 a multiple of 4?
True
Is 9442749 a multiple of 3?
True
Is 101 a factor of 61050258?
True
Is 1045363406 a multiple of 91?
False
Is 1403201940 a multiple of 1932?
True
Does 89 divide 64320514?
False
Is 144608803 a multiple of 1014?
False
Does 412 divide 73847704?
True
Does 56 divide 560512176?
True
Is 495 a factor of 305895150?
True
Is 261289270 a multiple of 16?
False
Is 57047900 a multiple of 1820?
True
Is 31831475 a multiple of 1225?
False
Is 23664802 a multiple of 15?
False
Does 31 divide 368180002?
False
Does 623 divide 75256115?
False
Is 14995596 a multiple of 462?
True
Is 141518254 a multiple of 3877?
True
Is 2347 a factor of 64009731?
True
Is 20898569 a multiple of 424?
False
Is 47506608 a multiple of 794?
True
Is 20 a factor of 60565560?
True
Is 84570457 a multiple of 9?
False
Does 25 divide 909432775?
True
Is 568 a factor of 1957957000?
False
Does 26 divide 38965576?
True
Does 14 divide 45022125?
False
Does 875 divide 28072254?
False
Is 44147500 a multiple of 100?
True
Is 633366615 a multiple of 1995?
True
Does 864 divide 2245144691?
False
Is 628296120 a multiple of 20?
True
Is 1038 a factor of 1651391568?
True
Is 55 a factor of 60395115?
True
Is 496 a factor of 309614899?
False
Does 163 divide 207204573?
False
Is 226424053 a multiple of 37?
True
Is 48 a factor of 92690361?
False
Is 24 a factor of 21077520?
True
Is 177 a factor of 12806835?
True
Is 2299840946 a multiple of 10694?
True
Does 309 divide 46282329?
True
Is 53 a factor of 887218410?
True
Does 327 divide 73105225?
False
Is 126 a factor of 597236724?
True
Does 1781 divide 30884321?
True
Is 23 a factor of 72084855?
False
Is 111 a factor of 325134873?
True
Is 549211752 a multiple of 18?
True
Is 248882205 a multiple of 715?
True
Is 56 a factor of 425670394?
False
Is 24852043 a multiple of 47?
False
Is 7141 a factor of 1932768778?
True
Does 12 divide 388300104?
True
Does 16 divide 2424178413?
False
Does 180 divide 217047292?
False
Does 3 divide 17883845?
False
Is 6701712832 a multiple of 76?
True
Is 26296416 a multiple of 123?
True
Is 12563940 a multiple of 57?
True
Is 15 a factor of 5539414755?
True
Is 795839524 a multiple of 1016?
False
Is 1452 a factor of 945306648?
False
Is 123 a factor of 21771000?
True
Is 41912775 a multiple of 155?
True
Is 5573